446?
False
Is 167 a factor of 662656?
True
Does 15 divide 552188?
False
Is 2530800 a multiple of 1368?
True
Is 8 a factor of 17902370?
False
Is 190646 a multiple of 7?
False
Is 201 a factor of 1771674?
False
Does 12 divide 81920?
False
Does 16 divide 1248814?
False
Is 49 a factor of 2262820?
True
Is 13105608 a multiple of 10?
False
Is 11 a factor of 844745?
True
Is 69 a factor of 27600?
True
Does 79 divide 2518599?
True
Does 41 divide 666332?
True
Is 25 a factor of 851325?
True
Does 73 divide 163885?
True
Is 18 a factor of 8478?
True
Is 2025839 a multiple of 21?
False
Does 47 divide 56645?
False
Does 33 divide 233331?
False
Does 93 divide 1604826?
False
Is 209794 a multiple of 26?
True
Is 378505 a multiple of 61?
True
Is 13 a factor of 2928405?
False
Does 29 divide 1831582?
True
Does 233 divide 327365?
True
Is 109953 a multiple of 618?
False
Is 19 a factor of 1283178?
False
Does 59 divide 117072?
False
Does 5 divide 241590?
True
Is 13 a factor of 746176?
False
Is 93330 a multiple of 549?
True
Does 345 divide 5416055?
False
Is 72 a factor of 1109646?
False
Is 437301 a multiple of 3?
True
Does 2 divide 5742?
True
Is 1994430 a multiple of 38?
True
Is 963886 a multiple of 7?
True
Is 4657203 a multiple of 32?
False
Is 41 a factor of 4419502?
False
Is 279 a factor of 6883881?
False
Is 3836208 a multiple of 71?
False
Is 42 a factor of 25914?
True
Does 539 divide 2184028?
True
Is 16001269 a multiple of 1349?
False
Does 37 divide 318592?
False
Is 2027 a factor of 6802612?
True
Is 29 a factor of 62756?
True
Is 527522 a multiple of 46?
False
Is 7371067 a multiple of 138?
False
Is 17250 a multiple of 61?
False
Is 245 a factor of 177380?
True
Is 151641 a multiple of 213?
False
Is 29 a factor of 867999?
True
Does 119 divide 2925972?
True
Is 42389 a multiple of 23?
True
Is 47 a factor of 155429?
True
Does 8 divide 34736?
True
Is 12 a factor of 623988?
True
Is 177897 a multiple of 8?
False
Is 322116 a multiple of 14?
False
Does 8 divide 74404?
False
Is 66 a factor of 1034814?
True
Does 15 divide 84945?
True
Is 337369 a multiple of 3?
False
Is 24 a factor of 1122433?
False
Is 1978239 a multiple of 23?
False
Does 731 divide 5077526?
True
Does 21 divide 111628?
False
Does 252 divide 491652?
True
Is 556001 a multiple of 792?
False
Is 44 a factor of 2137212?
True
Does 5 divide 17764?
False
Is 3821527 a multiple of 19?
True
Is 5 a factor of 17173?
False
Does 38 divide 8314757?
False
Is 84 a factor of 1364748?
True
Does 496 divide 2308253?
False
Is 306 a factor of 3240486?
False
Is 379380 a multiple of 10?
True
Is 5 a factor of 75725?
True
Is 2673750 a multiple of 62?
True
Is 17 a factor of 12436665?
False
Is 4 a factor of 360768?
True
Is 29 a factor of 3021452?
True
Is 12014912 a multiple of 26?
True
Is 86009 a multiple of 71?
False
Is 424755 a multiple of 68?
False
Is 16495 a multiple of 262?
False
Is 8277475 a multiple of 175?
False
Does 203 divide 6409928?
True
Is 6120 a multiple of 8?
True
Is 64 a factor of 1270080?
True
Does 5 divide 27055?
True
Is 138027 a multiple of 34?
False
Does 230 divide 341383?
False
Does 45 divide 917280?
True
Does 65 divide 236015?
True
Does 229 divide 1309193?
True
Is 2719575 a multiple of 85?
True
Is 55 a factor of 196183?
False
Is 2194822 a multiple of 211?
True
Is 139 a factor of 592279?
True
Does 6 divide 836434?
False
Is 42 a factor of 600222?
True
Is 3268445 a multiple of 84?
False
Is 271 a factor of 7746?
False
Is 31740 a multiple of 12?
True
Is 392 a factor of 901600?
True
Is 276 a factor of 7061305?
False
Does 348 divide 5879460?
True
Is 888 a factor of 765456?
True
Is 4 a factor of 35652?
True
Does 179 divide 189561?
True
Is 26 a factor of 322110?
False
Is 7 a factor of 22855?
True
Is 52 a factor of 277004?
True
Is 26 a factor of 30233?
False
Is 3005046 a multiple of 26?
False
Is 142 a factor of 4350545?
False
Is 3 a factor of 9025?
False
Is 370 a factor of 3643760?
True
Does 3 divide 480384?
True
Does 82 divide 1206876?
True
Does 17 divide 212908?
True
Does 355 divide 348709?
False
Does 93 divide 2701898?
False
Does 352 divide 346110?
False
Is 41958 a multiple of 42?
True
Is 20812 a multiple of 12?
False
Does 30 divide 7584330?
True
Does 277 divide 1500509?
True
Is 128 a factor of 872960?
True
Does 10 divide 12103?
False
Is 14 a factor of 115238?
False
Does 795 divide 552704?
False
Is 19999 a multiple of 183?
False
Does 34 divide 8869716?
True
Is 72612 a multiple of 286?
False
Does 19 divide 707332?
True
Does 88 divide 399960?
True
Is 196972 a multiple of 16?
False
Does 99 divide 206614?
False
Does 60 divide 146580?
True
Is 92943 a multiple of 26?
False
Is 4 a factor of 2960096?
True
Does 225 divide 30600?
True
Is 3471877 a multiple of 424?
False
Does 19 divide 1674373?
False
Is 46 a factor of 1757361?
False
Does 708 divide 446748?
True
Is 357 a factor of 736731?
False
Does 13 divide 2947737?
True
Is 137833 a multiple of 41?
False
Does 24 divide 24145?
False
Is 72646 a multiple of 48?
False
Does 285 divide 3371835?
True
Is 195 a factor of 2839408?
False
Is 2514241 a multiple of 427?
False
Does 4 divide 21572?
True
Is 55 a factor of 188815?
True
Is 2146924 a multiple of 10?
False
Is 13 a factor of 722224?
False
Is 7 a factor of 131614?
True
Is 4047 a multiple of 3?
True
Is 103 a factor of 854436?
False
Is 654150 even?
True
Is 19000 a multiple of 40?
True
Is 44 a factor of 817709?
False
Is 12147487 a multiple of 340?
False
Is 577720 a multiple of 55?
True
Is 282 a factor of 3406560?
True
Is 35 a factor of 2665460?
True
Is 19031 a multiple of 66?
False
Is 21343 a multiple of 11?
False
Is 6456863 a multiple of 7?
True
Is 1124452 a multiple of 14?
True
Is 141 a factor of 1177285?
False
Is 69050 a multiple of 523?
False
Is 599094 a multiple of 18?
True
Does 142 divide 4946854?
True
Is 729 a factor of 11530321?
False
Does 29 divide 206625?
True
Does 137 divide 138370?
True
Does 10 divide 1426530?
True
Is 28 a factor of 719523?
False
Does 9 divide 1171845?
True
Is 85 a factor of 371195?
True
Is 204 a factor of 2778596?
False
Is 4584422 a multiple of 240?
False
Is 814 a factor of 1109702?
False
Does 469 divide 202128?
False
Is 70 a factor of 48121?
False
Does 21 divide 2625?
True
Does 156 divide 823212?
True
Is 211 a factor of 358911?
True
Does 4 divide 126312?
True
Is 106 a factor of 2041666?
True
Is 4 a factor of 17428?
True
Is 160 a factor of 210679?
False
Is 774042 a multiple of 79?
True
Is 7 a factor of 9104728?
False
Is 1193409 a multiple of 19?
True
Does 15 divide 343623?
False
Does 32 divide 141568?
True
Does 124 divide 4644792?
True
Is 88 a factor of 3125539?
False
Is 17 a factor of 47350?
False
Is 960835 a multiple of 109?
True
Is 605319 a multiple of 3?
True
Is 100 a factor of 1384400?
True
Is 519 a factor of 1221692?
False
Is 1636 a factor of 5514956?
True
Is 6 a factor of 2617096?
False
Is 91 a factor of 377195?
True
Is 37 a factor of 1088133?
True
Is 79 a factor of 5838354?
False
Is 9 a factor of 305449?
False
Is 944 a multiple of 118?
True
Is 120 a factor of 940080?
True
Does 90 divide 1747632?
False
Does 16 divide 350936?
False
Does 229 divide 3160547?
False
Does 9 divide 95385?
False
Is 1051568 a multiple of 95?
False
Is 114 a factor of 553242?
True
Is 302 a factor of 557337?
False
Is 127 a factor of 18796?
True
Is 2527760 a multiple of 8?
True
Is 17 a factor of 306969?
True
Is 1387350 a multiple of 90?
True
Does 87 divide 64815?
True
Does 17 divide 1973113?
False
Is 20315 a multiple of 85?
True
Does 25 divide 538389?
False
Is 1295207 a multiple of 20?
False
Is 233 a factor of 48781?
False
Is 51 a factor of 718182?
True
Is 15 a factor of 10393575?
True
Is 36 a factor of 77472?
True
Is 920 a factor of 6323445?
False
Is 9 a factor of 5099?
False
Does 344 divide 577943?
False
Is 150289 a multiple of 13?
False
Is 25 a factor of 110927?
False
Is 48 a factor of 273738?
False
Does 175 divide 761097?
False
Is 672705 a multiple of 495?
True
Is 148016 a multiple of 58?
True
Is 45248 a multiple of 404?
True
Does 95 divide 3443845?
True
Does 21 divide 373884?
True
Is 186 a factor of 1846448?
False
Is 2970 even?
True
Is 71304 a multiple of 8?
True
Does 88 divide 105688?
True
Is 55 a factor of 18349?
False
Is 72960 a multiple of 114?
True
Is 1257852 a multiple of 503?
False
Is 1452168 a multiple of 162?
True
Does 12 divide